{"id":68,"date":"2017-03-23T18:00:19","date_gmt":"2017-03-23T18:00:19","guid":{"rendered":"https:\/\/misviajes750.wordpress.com\/?page_id=68"},"modified":"2024-07-20T15:25:44","modified_gmt":"2024-07-20T15:25:44","slug":"las-colonias-industriales-del-lobregat","status":"publish","type":"page","link":"https:\/\/misviajes.rosaguijarro.com\/index.php\/las-colonias-industriales-del-lobregat\/","title":{"rendered":"Las colonias industriales del Llobregat 2017"},"content":{"rendered":"\t\t<div data-elementor-type=\"wp-page\" data-elementor-id=\"68\" class=\"elementor elementor-68\" data-elementor-post-type=\"page\">\n\t\t\t\t<div class=\"elementor-element elementor-element-44a550d4 e-flex e-con-boxed e-con e-parent\" data-id=\"44a550d4\" data-element_type=\"container\" data-e-type=\"container\">\n\t\t\t\t\t<div class=\"e-con-inner\">\n\t\t\t\t<div class=\"elementor-element elementor-element-343e6557 elementor-widget elementor-widget-text-editor\" data-id=\"343e6557\" data-element_type=\"widget\" data-e-type=\"widget\" data-widget_type=\"text-editor.default\">\n\t\t\t\t<div class=\"elementor-widget-container\">\n\t\t\t\t\t\t\t\t\t<p style=\"text-align: left;\">Despu\u00e9s de bastantes d\u00edas nublados y con lluvias, hartos ya de no ver el sol, estudiamos detenidamente las previsiones meteorol\u00f3gicas y, por fin, hay previsi\u00f3n de un d\u00eda muy soleado en l\u2019Ametlla de Merola el 9 de febrero de 2017. As\u00ed que nos ponemos en marcha.<br \/>Salimos el 8 despu\u00e9s de comer y nos dirigimos, tranquilamente, evitando las autopistas, hacia el \u00e1rea de autocaravanas de Navarcles (41.75639, 1.90778). Estaremos solos esta noche. Cenamos, vemos una pel\u00edcula y a dormir.<br \/>Hace fr\u00edo, as\u00ed que dejo la calefacci\u00f3n al m\u00ednimo para no perder el agua. A las seis de la ma\u00f1ana oigo como salta la luz. No ha saltado el diferencial pero el cuadro de mandos sigue apagado y no tenemos electricidad y, por tanto, tampoco calefacci\u00f3n.<br \/>Nos levantamos a las siete y compruebo que estamos a -3,5\u00ba, \u00a1y nosotros sin calefacci\u00f3n!. Puesto que estamos solos y no vamos a molestar a nadie, arranco el motor y compruebo que ahora s\u00ed tenemos electricidad. Pienso que la bater\u00eda auxiliar debe estar en las \u00faltimas.<\/p><p style=\"text-align: left;\"><img fetchpriority=\"high\" decoding=\"async\" class=\"aligncenter wp-image-86\" src=\"https:\/\/misviajes750.files.wordpress.com\/2017\/03\/01antigua-colonia-textil-latmetlla-merola-municipio-puig-reig-hace-par-semanas-1374702520212.jpg\" alt=\"01antigua-colonia-textil-latmetlla-merola-municipio-puig-reig-hace-par-semanas-1374702520212\" width=\"512\" height=\"450\" \/><\/p><p>\u00a0<\/p><p style=\"text-align: left;\">Desayunamos y nos preparamos lo m\u00e1s r\u00e1pido posible y nos dirigimos a L\u2019Ametlla de Merola, para realizar nuestra ruta. Llevamos la Ruta de las Colonias Textiles del Llobregat de wikiloc (<a class=\"bbc_link\" href=\"https:\/\/es.wikiloc.com\/wikiloc\/view.do?id=12820524\" target=\"_blank\" rel=\"noopener\">https:\/\/es.wikiloc.com\/wikiloc\/view.do?id=12820524<\/a>), no la vamos a hacer entera. Empezaremos en L\u2019Ametlla de Merola y llegaremos a Puigreig, en total visitaremos cinco colonias.<br \/>Decir que estas colonias textiles del Llobregat me recuerdan mucho a New Lanark (Escocia) fundado por David Dale en 1785, quien hizo construir una f\u00e1brica de algod\u00f3n y casas para los obreros. La energ\u00eda necesaria la proporcionaba el r\u00edo. Dale fue seguido por su yerno, el socialista ut\u00f3pico, Robert Owen (1771-1858), con \u00e9l New Lanark se convirti\u00f3 en un ejemplo de socialismo ut\u00f3pico. Cuando se habla de estas colonias se habla del \u201ccapitalismo paternalista\u201d porque los patronos ofrec\u00edan mejores condiciones de vida a sus obreros e incluso formaci\u00f3n para los m\u00e1s j\u00f3venes. A cambio, en estas colonias no hubo huelgas ni revueltas sociales.<\/p><p style=\"text-align: left;\">Empezamos visitando <strong>L\u2019Ametlla de Merola<\/strong>.<br \/>Esta colonia nace en 1864 cuando Mateo Serra i Tauran compr\u00f3 los terrenos y una f\u00e1brica e inicia su ampliaci\u00f3n y la construcci\u00f3n del canal. En 1878 ya trabajaban en L\u2019Ametlla quinientas personas. En aquellos momentos hab\u00eda 90 pisos y la \u00abCasa de las Chicas\u00bb para 150 personas, comedor, cocina y dormitorios. Se construye la iglesia entre el 1875-1882, y los ni\u00f1os tienen un maestro. De esta manera el due\u00f1o va convirtiendo lo que era una zona virgen en un pueblo dotado de servicios (tienda, teatro, caf\u00e9 \u2026).<br \/>(<a class=\"bbc_link\" href=\"https:\/\/ca.wikipedia.org\/wiki\/L%27Ametlla_de_Merola\" target=\"_blank\" rel=\"noopener\">https:\/\/ca.wikipedia.org\/wiki\/L%27Ametlla_de_Merola<\/a>)<\/p><p style=\"text-align: left;\">Vista de conjunto de L\u2019Ametlla de Merola. Es la colonia que tiene m\u00e1s aspecto de pueblo.\u00a0Actualmente viven aqu\u00ed unas 200 personas<\/p><p style=\"text-align: left;\"><img decoding=\"async\" class=\"aligncenter wp-image-90\" src=\"https:\/\/misviajes750.files.wordpress.com\/2017\/03\/02-ametlla.jpg\" alt=\"02 ametlla\" width=\"1038\" height=\"692\" srcset=\"https:\/\/misviajes.rosaguijarro.com\/wp-content\/uploads\/2017\/03\/02-ametlla.jpg 750w, https:\/\/misviajes.rosaguijarro.com\/wp-content\/uploads\/2017\/03\/02-ametlla-300x200.jpg 300w\" sizes=\"(max-width: 1038px) 100vw, 1038px\" \/><\/p><p>\u00a0<\/p><p style=\"text-align: left;\">Canalizaci\u00f3n del r\u00edo para aprovechar la energ\u00eda<br \/><img decoding=\"async\" class=\"aligncenter wp-image-87\" src=\"https:\/\/misviajes750.files.wordpress.com\/2017\/03\/02-ametlla-1.jpg\" alt=\"02 ametlla 1\" width=\"1038\" height=\"692\" srcset=\"https:\/\/misviajes.rosaguijarro.com\/wp-content\/uploads\/2017\/03\/02-ametlla-1.jpg 750w, https:\/\/misviajes.rosaguijarro.com\/wp-content\/uploads\/2017\/03\/02-ametlla-1-300x200.jpg 300w\" sizes=\"(max-width: 1038px) 100vw, 1038px\" \/><\/p><p>\u00a0<\/p><p style=\"text-align: left;\">El peque\u00f1o embalse que recoge el agua del r\u00edo para su aprovechamiento<br \/><img loading=\"lazy\" decoding=\"async\" class=\"aligncenter wp-image-88\" src=\"https:\/\/misviajes750.files.wordpress.com\/2017\/03\/02-ametlla-2.jpg\" alt=\"02 ametlla 2\" width=\"1038\" height=\"692\" srcset=\"https:\/\/misviajes.rosaguijarro.com\/wp-content\/uploads\/2017\/03\/02-ametlla-2.jpg 750w, https:\/\/misviajes.rosaguijarro.com\/wp-content\/uploads\/2017\/03\/02-ametlla-2-300x200.jpg 300w\" sizes=\"(max-width: 1038px) 100vw, 1038px\" \/><\/p><p>\u00a0<\/p><p style=\"text-align: left;\">Todas las colonias est\u00e1n a la derecha del r\u00edo y la ruta discurre por la izquierda, por lo que tendremos que cruzar el r\u00edo varias veces, para ello hay pasarelas que aqu\u00ed llaman \u201cpalancas\u201d. Despu\u00e9s de cruzar \u00e9sta empezamos la ruta.<\/p><p style=\"text-align: left;\"><img loading=\"lazy\" decoding=\"async\" class=\"aligncenter wp-image-89\" src=\"https:\/\/misviajes750.files.wordpress.com\/2017\/03\/02-ametlla-3.jpg\" alt=\"02 ametlla 3\" width=\"1038\" height=\"692\" srcset=\"https:\/\/misviajes.rosaguijarro.com\/wp-content\/uploads\/2017\/03\/02-ametlla-3.jpg 750w, https:\/\/misviajes.rosaguijarro.com\/wp-content\/uploads\/2017\/03\/02-ametlla-3-300x200.jpg 300w\" sizes=\"(max-width: 1038px) 100vw, 1038px\" \/><\/p><p>\u00a0<\/p><p style=\"text-align: left;\">Tras andar un par de kil\u00f3metros llegamos a la colonia\u00a0 de <strong>Cal Riera<\/strong>.<br \/>La sociedad de industriales Manent, Massana, Vilaseca y Llibre compran la finca Casa Gran de Cal Riera y construyen la f\u00e1brica y piden permiso para utilizar el agua del rio. La f\u00e1brica ya est\u00e1 en activo en 1895 y en 1905 consta la existencia de casas para los obreros y la \u00abtorre del amo\u00bb, adem\u00e1s de tienda-economato, caf\u00e9-teatro, escuela e iglesia. Cal Riera cierra durante los a\u00f1os 70, arrastrando con ello todos los servicios de la Colonia obligando a la mayor\u00eda de los trabajadores a marchar, sobre todo a Nav\u00e1s (Bages).<br \/>El estado actual de los primeros pisos de los obreros es deplorable, pero los de construcci\u00f3n posterior, posiblemente durante los 60 se conservan algo mejor, de hecho seg\u00fan el censo viven 64 personas. (<a class=\"bbc_link\" href=\"https:\/\/chimevapor.wordpress.com\/2008\/07\/28\/la-colonia-cal-riera-o-manent-puig-reig\/\" target=\"_blank\" rel=\"noopener\">https:\/\/chimevapor.wordpress.com\/2008\/07\/28\/la-colonia-cal-riera-o-manent-puig-reig\/<\/a>)<\/p><p style=\"text-align: left;\">Cal Riera desde la orilla por la que discurre la ruta<br \/><img loading=\"lazy\" decoding=\"async\" class=\"aligncenter wp-image-91\" src=\"https:\/\/misviajes750.files.wordpress.com\/2017\/03\/03-riera.jpg\" alt=\"03 Riera\" width=\"1038\" height=\"692\" srcset=\"https:\/\/misviajes.rosaguijarro.com\/wp-content\/uploads\/2017\/03\/03-riera.jpg 750w, https:\/\/misviajes.rosaguijarro.com\/wp-content\/uploads\/2017\/03\/03-riera-300x200.jpg 300w\" sizes=\"(max-width: 1038px) 100vw, 1038px\" \/><\/p><p>\u00a0<\/p><p style=\"text-align: left;\">Esta es la \u201ccasa del amo\u201d. En todas las colonias est\u00e1 la casa del amo, normalmente m\u00e1s elevada y desde la que se ve la f\u00e1brica, as\u00ed los obreros siempre sienten \u201cla presencia del amo\u201d.<\/p><p style=\"text-align: left;\"><img loading=\"lazy\" decoding=\"async\" class=\"aligncenter wp-image-92\" src=\"https:\/\/misviajes750.files.wordpress.com\/2017\/03\/03-riera1.jpg\" alt=\"03 Riera1\" width=\"1038\" height=\"692\" srcset=\"https:\/\/misviajes.rosaguijarro.com\/wp-content\/uploads\/2017\/03\/03-riera1.jpg 750w, https:\/\/misviajes.rosaguijarro.com\/wp-content\/uploads\/2017\/03\/03-riera1-300x200.jpg 300w\" sizes=\"(max-width: 1038px) 100vw, 1038px\" \/><\/p><p>\u00a0<\/p><p style=\"text-align: left;\">Estado actual de algunas de las casas de los obreros<\/p><p style=\"text-align: left;\"><img loading=\"lazy\" decoding=\"async\" class=\"aligncenter wp-image-93\" src=\"https:\/\/misviajes750.files.wordpress.com\/2017\/03\/03-riera2.jpg\" alt=\"03 Riera2\" width=\"1038\" height=\"692\" srcset=\"https:\/\/misviajes.rosaguijarro.com\/wp-content\/uploads\/2017\/03\/03-riera2.jpg 750w, https:\/\/misviajes.rosaguijarro.com\/wp-content\/uploads\/2017\/03\/03-riera2-300x200.jpg 300w\" sizes=\"(max-width: 1038px) 100vw, 1038px\" \/><\/p><p>\u00a0<\/p><p style=\"text-align: left;\">Otras est\u00e1n todav\u00eda habitadas<br \/><img loading=\"lazy\" decoding=\"async\" class=\"aligncenter wp-image-94\" src=\"https:\/\/misviajes750.files.wordpress.com\/2017\/03\/03-riera3.jpg\" alt=\"03 Riera3\" width=\"1038\" height=\"692\" srcset=\"https:\/\/misviajes.rosaguijarro.com\/wp-content\/uploads\/2017\/03\/03-riera3.jpg 750w, https:\/\/misviajes.rosaguijarro.com\/wp-content\/uploads\/2017\/03\/03-riera3-300x200.jpg 300w\" sizes=\"(max-width: 1038px) 100vw, 1038px\" \/><\/p><p>\u00a0<\/p><p style=\"text-align: left;\">Seguimos hasta la <strong>Colonia Vidal<\/strong>. (<a class=\"bbc_link\" href=\"https:\/\/ca.wikipedia.org\/wiki\/Col%C3%B2nia_Vidal\" target=\"_blank\" rel=\"noopener\">https:\/\/ca.wikipedia.org\/wiki\/Col%C3%B2nia_Vidal<\/a>)<br \/>La Colonia Vidal representa el modelo completo de las colonias industriales. Adem\u00e1s de los elementos productivos (la f\u00e1brica, la turbina con la correspondiente presa y el canal, y otros edificios destinados a la producci\u00f3n industrial) y de las viviendas para los trabajadores, cuenta tambi\u00e9n con todos los servicios t\u00edpicos de las colonias: iglesia, convento, escuela, cine-teatro, caf\u00e9, etc.<br \/>Las viviendas de la colonia responden a unas tipolog\u00edas diferentes seg\u00fan las necesidades: casas unifamiliares de dos pisos unidas que forman calles y bloques m\u00e1s o menos aislados de tres pisos, con diferentes materiales -como la piedra o el ladrillo -.<br \/>Esta colonia est\u00e1 museizada. Nosotros la visitamos anteriormente y nos gust\u00f3 mucho, las explicaciones del gu\u00eda fueron muy interesantes. Esta vez no hacemos la visita guiada, simplemente paseamos un poco por la colonia. Pero recomiendo vivamente hacer la visita guiada.<\/p><p style=\"text-align: left;\"><img loading=\"lazy\" decoding=\"async\" class=\"aligncenter wp-image-95\" src=\"https:\/\/misviajes750.files.wordpress.com\/2017\/03\/04vidal.jpg\" alt=\"04vidal\" width=\"1038\" height=\"692\" srcset=\"https:\/\/misviajes.rosaguijarro.com\/wp-content\/uploads\/2017\/03\/04vidal.jpg 750w, https:\/\/misviajes.rosaguijarro.com\/wp-content\/uploads\/2017\/03\/04vidal-300x200.jpg 300w\" sizes=\"(max-width: 1038px) 100vw, 1038px\" \/><\/p><p style=\"text-align: left;\">Cal Vidal, la f\u00e1brica<br \/><img loading=\"lazy\" decoding=\"async\" class=\"aligncenter wp-image-96\" src=\"https:\/\/misviajes750.files.wordpress.com\/2017\/03\/04vidal1.jpg\" alt=\"04vidal1\" width=\"1038\" height=\"692\" srcset=\"https:\/\/misviajes.rosaguijarro.com\/wp-content\/uploads\/2017\/03\/04vidal1.jpg 750w, https:\/\/misviajes.rosaguijarro.com\/wp-content\/uploads\/2017\/03\/04vidal1-300x200.jpg 300w\" sizes=\"(max-width: 1038px) 100vw, 1038px\" \/><\/p><p>\u00a0<\/p><p style=\"text-align: left;\">La presa<\/p><p style=\"text-align: left;\"><img loading=\"lazy\" decoding=\"async\" class=\"aligncenter wp-image-97\" src=\"https:\/\/misviajes750.files.wordpress.com\/2017\/03\/04vidal2.jpg\" alt=\"04vidal2\" width=\"500\" height=\"750\" srcset=\"https:\/\/misviajes.rosaguijarro.com\/wp-content\/uploads\/2017\/03\/04vidal2.jpg 500w, https:\/\/misviajes.rosaguijarro.com\/wp-content\/uploads\/2017\/03\/04vidal2-200x300.jpg 200w\" sizes=\"(max-width: 500px) 100vw, 500px\" \/><\/p><p style=\"text-align: left;\">\u00a0<\/p><p style=\"text-align: left;\">Casas de los obreros del tipo unifamiliar<br \/><img loading=\"lazy\" decoding=\"async\" class=\"aligncenter wp-image-98\" src=\"https:\/\/misviajes750.files.wordpress.com\/2017\/03\/04vidal3.jpg\" alt=\"04vidal3\" width=\"1038\" height=\"692\" srcset=\"https:\/\/misviajes.rosaguijarro.com\/wp-content\/uploads\/2017\/03\/04vidal3.jpg 750w, https:\/\/misviajes.rosaguijarro.com\/wp-content\/uploads\/2017\/03\/04vidal3-300x200.jpg 300w\" sizes=\"(max-width: 1038px) 100vw, 1038px\" \/><\/p><p>\u00a0<\/p><p style=\"text-align: left;\">La plaza con la iglesia<br \/><img loading=\"lazy\" decoding=\"async\" class=\"aligncenter wp-image-99\" src=\"https:\/\/misviajes750.files.wordpress.com\/2017\/03\/04vidal4.jpg\" alt=\"04vidal4\" width=\"1038\" height=\"692\" srcset=\"https:\/\/misviajes.rosaguijarro.com\/wp-content\/uploads\/2017\/03\/04vidal4.jpg 750w, https:\/\/misviajes.rosaguijarro.com\/wp-content\/uploads\/2017\/03\/04vidal4-300x200.jpg 300w\" sizes=\"(max-width: 1038px) 100vw, 1038px\" \/><\/p><p>\u00a0<\/p><p style=\"text-align: left;\">La casa donde viv\u00edan las obreras solteras, donde tambi\u00e9n hab\u00eda una escuela<br \/><img loading=\"lazy\" decoding=\"async\" class=\"aligncenter wp-image-100\" src=\"https:\/\/misviajes750.files.wordpress.com\/2017\/03\/04vidal5.jpg\" alt=\"04vidal5\" width=\"1038\" height=\"692\" srcset=\"https:\/\/misviajes.rosaguijarro.com\/wp-content\/uploads\/2017\/03\/04vidal5.jpg 750w, https:\/\/misviajes.rosaguijarro.com\/wp-content\/uploads\/2017\/03\/04vidal5-300x200.jpg 300w\" sizes=\"(max-width: 1038px) 100vw, 1038px\" \/><\/p><p>\u00a0<\/p><p style=\"text-align: left;\">Cal<strong> Mar\u00e7al <\/strong>fue creada por la familia de fabricantes manresanos Torra en 1880, en 1915 fue vendida a los Pons y a los Viladomiu en 1929. La crisis que afect\u00f3 todo el textil en el Bergued\u00e0 provoc\u00f3 el cierre de la f\u00e1brica en 1989.<\/p><p style=\"text-align: left;\"><img loading=\"lazy\" decoding=\"async\" class=\"aligncenter wp-image-101\" src=\"https:\/\/misviajes750.files.wordpress.com\/2017\/03\/05marsal.jpg\" alt=\"05Marsal\" width=\"1038\" height=\"692\" srcset=\"https:\/\/misviajes.rosaguijarro.com\/wp-content\/uploads\/2017\/03\/05marsal.jpg 750w, https:\/\/misviajes.rosaguijarro.com\/wp-content\/uploads\/2017\/03\/05marsal-300x200.jpg 300w\" sizes=\"(max-width: 1038px) 100vw, 1038px\" \/><\/p><p>\u00a0<\/p><p style=\"text-align: left;\">Viviendas de los obreros<\/p><p style=\"text-align: left;\"><img loading=\"lazy\" decoding=\"async\" class=\"aligncenter wp-image-102\" src=\"https:\/\/misviajes750.files.wordpress.com\/2017\/03\/05marsal1.jpg\" alt=\"05Marsal1\" width=\"1038\" height=\"692\" srcset=\"https:\/\/misviajes.rosaguijarro.com\/wp-content\/uploads\/2017\/03\/05marsal1.jpg 750w, https:\/\/misviajes.rosaguijarro.com\/wp-content\/uploads\/2017\/03\/05marsal1-300x200.jpg 300w\" sizes=\"(max-width: 1038px) 100vw, 1038px\" \/><\/p><p>\u00a0<\/p><p style=\"text-align: left;\">Seguimos hacia la <strong>Colonia Pons<\/strong>.<br \/>Construida entre 1875 y 1910, la rapidez en su construcci\u00f3n favorece la unidad estil\u00edstica que presenta.\u00a0 Cuenta con un impresionante bosque y un jard\u00edn que rodea las dos casas de los propietarios, el chalet del director, la iglesia neog\u00f3tica y el teatro. A un nivel inferior, y cerca de la f\u00e1brica, hay las viviendas plurifamiliares para los obreros y la zona de servicios (horno, tiendas, etc.). Esta colonia destaca desde el punto de vista arquitect\u00f3nico y urban\u00edstico. La f\u00e1brica cerr\u00f3 puertas en 1995. (<a class=\"bbc_link\" href=\"https:\/\/ca.wikipedia.org\/wiki\/Cal_Pons\" target=\"_blank\" rel=\"noopener\">https:\/\/ca.wikipedia.org\/wiki\/Cal_Pons<\/a>)<\/p><p style=\"text-align: left;\">Viviendas de los obreros<br \/><img loading=\"lazy\" decoding=\"async\" class=\"aligncenter wp-image-103\" src=\"https:\/\/misviajes750.files.wordpress.com\/2017\/03\/06pons.jpg\" alt=\"06Pons\" width=\"1038\" height=\"692\" srcset=\"https:\/\/misviajes.rosaguijarro.com\/wp-content\/uploads\/2017\/03\/06pons.jpg 750w, https:\/\/misviajes.rosaguijarro.com\/wp-content\/uploads\/2017\/03\/06pons-300x200.jpg 300w\" sizes=\"(max-width: 1038px) 100vw, 1038px\" \/><\/p><p>\u00a0<\/p><p style=\"text-align: left;\">La casa nueva del amo<br \/><img loading=\"lazy\" decoding=\"async\" class=\"aligncenter wp-image-104\" src=\"https:\/\/misviajes750.files.wordpress.com\/2017\/03\/06pons1.jpg\" alt=\"06Pons1\" width=\"1038\" height=\"692\" srcset=\"https:\/\/misviajes.rosaguijarro.com\/wp-content\/uploads\/2017\/03\/06pons1.jpg 750w, https:\/\/misviajes.rosaguijarro.com\/wp-content\/uploads\/2017\/03\/06pons1-300x200.jpg 300w\" sizes=\"(max-width: 1038px) 100vw, 1038px\" \/><\/p><p>\u00a0<\/p><p style=\"text-align: left;\">La casa vieja del amo y la f\u00e1brica<br \/><img loading=\"lazy\" decoding=\"async\" class=\"aligncenter wp-image-105\" src=\"https:\/\/misviajes750.files.wordpress.com\/2017\/03\/06pons2.jpg\" alt=\"06Pons2\" width=\"1038\" height=\"692\" srcset=\"https:\/\/misviajes.rosaguijarro.com\/wp-content\/uploads\/2017\/03\/06pons2.jpg 750w, https:\/\/misviajes.rosaguijarro.com\/wp-content\/uploads\/2017\/03\/06pons2-300x200.jpg 300w\" sizes=\"(max-width: 1038px) 100vw, 1038px\" \/><\/p><p>\u00a0<\/p><p style=\"text-align: left;\">La iglesia neog\u00f3tica. Fue conocida como \u00abLa catedral de l&#8217;Alt Llobregat\u00bb<\/p><p style=\"text-align: left;\"><img loading=\"lazy\" decoding=\"async\" class=\"aligncenter wp-image-106\" src=\"https:\/\/misviajes750.files.wordpress.com\/2017\/03\/06pons3.jpg\" alt=\"06Pons3\" width=\"1038\" height=\"692\" srcset=\"https:\/\/misviajes.rosaguijarro.com\/wp-content\/uploads\/2017\/03\/06pons3.jpg 750w, https:\/\/misviajes.rosaguijarro.com\/wp-content\/uploads\/2017\/03\/06pons3-300x200.jpg 300w\" sizes=\"(max-width: 1038px) 100vw, 1038px\" \/><\/p><p>\u00a0<\/p><p style=\"text-align: left;\">Finalmente llegamos a Puigreig. Para volver a L\u2019Ametlla de Merola, donde tenemos la furgo, cogemos un taxi. Cuando llegamos all\u00ed vemos que se ha descargado otra vez la bater\u00eda. As\u00ed que vamos a dar unas vueltas por la zona para cargarla y poder tener calefacci\u00f3n para pasar la noche. Nos quedamos a dormir en el parking de L\u2019Ametlla. Administramos muy bien la bater\u00eda y cuando nos levantamos estamos a -2\u00ba. Recogemos r\u00e1pidamente y volvemos a casa.<\/p><p>\u00a0<\/p><p style=\"text-align: left;\">Ha sido una excursi\u00f3n muy bonita. M\u00e1s informaci\u00f3n aqu\u00ed <a class=\"bbc_link\" href=\"http:\/\/www.lavanguardia.com\/viajes\/20110526\/54161353699\/la-ruta-de-las-colonias-textiles-del-llobregat.html\" target=\"_blank\" rel=\"noopener\">http:\/\/www.lavanguardia.com\/viajes\/20110526\/54161353699\/la-ruta-de-las-colonias-textiles-del-llobregat.html<\/a><\/p>\t\t\t\t\t\t\t\t<\/div>\n\t\t\t\t<\/div>\n\t\t\t\t\t<\/div>\n\t\t\t\t<\/div>\n\t\t\t\t<\/div>\n\t\t","protected":false},"excerpt":{"rendered":"<p>Despu\u00e9s de bastantes d\u00edas nublados y con lluvias, hartos ya de no ver el sol, estudiamos detenidamente las previsiones meteorol\u00f3gicas y, por fin, hay previsi\u00f3n de un d\u00eda muy soleado en l\u2019Ametlla de Merola el 9 de febrero de 2017. As\u00ed que nos ponemos en marcha.Salimos el 8 despu\u00e9s de comer y nos dirigimos, tranquilamente, &#8230; <a title=\"Las colonias industriales del Llobregat 2017\" class=\"read-more\" href=\"https:\/\/misviajes.rosaguijarro.com\/index.php\/las-colonias-industriales-del-lobregat\/\" aria-label=\"Leer m\u00e1s sobre Las colonias industriales del Llobregat 2017\">Leer m\u00e1s<\/a><\/p>\n","protected":false},"author":2,"featured_media":0,"parent":0,"menu_order":0,"comment_status":"open","ping_status":"closed","template":"","meta":{"iawp_total_views":4,"footnotes":""},"class_list":["post-68","page","type-page","status-publish"],"_links":{"self":[{"href":"https:\/\/misviajes.rosaguijarro.com\/index.php\/wp-json\/wp\/v2\/pages\/68","targetHints":{"allow":["GET"]}}],"collection":[{"href":"https:\/\/misviajes.rosaguijarro.com\/index.php\/wp-json\/wp\/v2\/pages"}],"about":[{"href":"https:\/\/misviajes.rosaguijarro.com\/index.php\/wp-json\/wp\/v2\/types\/page"}],"author":[{"embeddable":true,"href":"https:\/\/misviajes.rosaguijarro.com\/index.php\/wp-json\/wp\/v2\/users\/2"}],"replies":[{"embeddable":true,"href":"https:\/\/misviajes.rosaguijarro.com\/index.php\/wp-json\/wp\/v2\/comments?post=68"}],"version-history":[{"count":22,"href":"https:\/\/misviajes.rosaguijarro.com\/index.php\/wp-json\/wp\/v2\/pages\/68\/revisions"}],"predecessor-version":[{"id":15048,"href":"https:\/\/misviajes.rosaguijarro.com\/index.php\/wp-json\/wp\/v2\/pages\/68\/revisions\/15048"}],"wp:attachment":[{"href":"https:\/\/misviajes.rosaguijarro.com\/index.php\/wp-json\/wp\/v2\/media?parent=68"}],"curies":[{"name":"wp","href":"https:\/\/api.w.org\/{rel}","templated":true}]}}